- 2*a - 7 + 7. Let q be r(-6). Let f be 176/q - (-12)/(-15). Let d(b) = -b**2 + 10*b + 5. Determine d(f).
21
Let k(o) = o**3 + o**2 + 18*o + 1. Let s(d) = -2*d**3 - 11*d**2 - 38*d - 4. Let g(i) = -k(i) - s(i). Give g(-7).
10
Let r = 181 - 193. Let h = r - -3. Let d(m) = -m**2 - 10*m - 13. Give d(h).
-4
Let w(i) = 9*i**3 - i**2 - 15*i + 14. Let q(s) = -5*s**3 + 7*s**2 - 1. Let x(n) = -2*q(n) - w(n). Give x(12).
24
Let r(k) = -k - 13. Let v be (-20)/(-35)*-1*-7. Suppose -y = -v - 8. Suppose -l = -2*x + y, -3*x - 21 = 3*l + 2*l. Give r(l).
-7
Let a(i) = -9*i**3 - i**2 - 2*i + 1. Let z(o) = 35*o**3 - 21*o**2 - o - 222. Let v(l) = 4*a(l) + z(l). Determine v(-25).
7
Let p(a) = -2*a**3 + 2*a**2 + 3*a + 4. Suppose -4*g = -5*h + 27, 2*h + 3*g = g. Give p(h).
-23
Let d(g) = -3 - 3*g + 5 + 11 - 2 + 16. Give d(-15).
72
Suppose 0 = -2*o - 4*k + 9 - 1, -5*o = k - 11. Let y(x) be the first derivative of x**4/4 - x**3/3 + x - 16013. What is y(o)?
5
Let r(y) = -3*y**3 - 5*y**3 - 6*y**3 + 4*y**3 - 8 + 11*y**3. Suppose 3*d = -5*b + 42, -2*b = -4*d + 31 - 1. Let l = d + -9. Determine r(l).
-8
Suppose 3*d - 33 = -4*x, 5*d - 51 = -2*x - 10. Let q(r) = 4*r**3 + r**2 + 8*r + 6. Let g(n) = 3*n**3 + 2*n**2 + 8*n + 3. Let m(s) = 5*g(s) - 4*q(s). Give m(d).
-2
Suppose 4*j - 4*m - 158 - 74 = 0, 0 = -j - 3*m + 62. Let t = -56 + j. Suppose 0 = t*n - 5*z, 3*z = -5*n - 2*z. Let d(s) = s**2 + 12. Give d(n).
12
Let d(x) be the second derivative of 0 + 155*x + 1/20*x**5 - x**3 + 1/2*x**2 + 5/12*x**4. Determine d(-6).
1
Let x be -46*(((-10)/(-4) - 2) + -76 + 75). Let z(y) = 4*y - 79. Determine z(x).
13
Let a(c) = c**2 + 14*c + 8. Let o(t) = 2*t**2 + 4*t - 525. Let f be o(-17). Determine a(f).
23
Let f(g) = -2*g**3 - 11*g**2 + 4*g - 10. Suppose 9 - 20 = 4*c + 13. Calculate f(c).
2
Let b(o) = -o**3 + 3*o**2 - 26*o + 49. Suppose -78*x - 78*x - 40 = -176*x. Determine b(x).
1
Suppose -3*w - 67 - 5 = 0. Let q(t) = 2*t - 56. Let l be q(w). Let r = l + 111. Let n(b) = -b**2 + 8*b - 3. Determine n(r).
4
Let w = -136 - -142. Suppose 5*z - w = 11*z. Let v(q) = 35*q + 1. Calculate v(z).
-34
Let g(b) = 23*b + 6*b**2 - 18*b - 17*b**3 + 6 + 82*b**3 - 20*b**3 - 20*b**3 - 24*b**3. Suppose -2*h - 18 = h. Give g(h).
-24
Let u be (-1)/2 + (-220)/88. Let b(z) = z**2 - 4*z + 1. Give b(u).
22
Let x(k) be the first derivative of -k**3/3 + 3*k**2/2 - 3*k - 59. Let p(n) = -n**2 + 4*n - 4. Let w(a) = -5*p(a) + 4*x(a). Give w(8).
8
Let j(o) = -2*o**2 - 7*o - 11. Let y be j(-4). Let i = 22 + y. Let s(b) = -1 - 6 + b**3 - 5*b**2 - 1 - 3*b + i. What is s(5)?
-16
Let u = 85 + -88. Let t be (-1)/((2*u/10)/3). Let k(p) = -p**3 + 4*p**2 + 8*p - 6. Determine k(t).
9
Let u(s) be the second derivative of -5*s**4/12 - s**3 + s**2 - 7166*s. Determine u(4).
-102
Let p(q) be the third derivative of q**6/120 + 3*q**5/20 + 3*q**4/8 + 2*q**3 - q**2 - 16. Let i(s) = -2*s + 5*s - 2*s + 1 - 2. Let n be i(-7). Give p(n).
4
Suppose -5*n = -5*v + 21 - 1, 0 = 4*n - 5*v + 21. Let l be -9 + n/1*5 - -19. Let a(h) = -h**3 + 16*h**2 - 16*h + 8. Determine a(l).
-7
Let v(d) = -4*d**2 + 34 - 1444*d + 1461*d + 5*d**2. What is v(-15)?
4
Let f be 4796/436 + (0 - 41). Let s(a) = a + 19. What is s(f)?
-11
Let d(b) = -9*b**2 - 6*b**2 + 18*b**2 - 14*b**2 - 2 - 10*b**2. Give d(-1).
-23
Let s(q) be the second derivative of q**3/3 + 10*q**2 + 532*q. Determine s(-17).
-14
Suppose -d + 3*t = -11 - 4, 0 = -4*d - 2*t + 4. Let f(m) = 27*m - 49*m + 4*m**2 + 19*m + d. Give f(2).
13
Let l(r) = 44*r - 2. Let t(m) = -188*m - 1. Let z be t(0). What is l(z)?
-46
Let u(v) = v**3 + 18*v**2 + 13*v - 29. Let q be 6/5 + -2 + -12 + 714/(-170). What is u(q)?
39
Let k(q) be the second derivative of -283*q + q**2 - 1/12*q**4 + 0 - 1/2*q**3. Suppose -9 = -3*m - 3. Determine k(m).
-8
Let k(a) be the first derivative of -a**3/3 - 3*a**2 - 16*a - 4970. Give k(-3).
-7
Let p(x) = 150*x + 3*x**3 - 12*x**2 - 2*x**3 + 15 - 155*x - 33 + 27*x**2. Calculate p(-15).
57
Suppose -5*k + 13 + 12 = 0. Suppose 0 = k*s - 2*r - 11, -5*r + 4 = -3*s + 3. Let o be 0/(20/(-12) - (-2)/s). Let w(p) = p + 2. Calculate w(o).
2
Let m(v) be the second derivative of 3/20*v**5 + 0 + v**2 + 20*v - 1/12*v**4 - 1/3*v**3. Let f(z) = -z**3 - z**2 - 1. Let h(c) = -2*f(c) - m(c). Determine h(3).
6
Let v(s) = -7*s - 28. Let a(t) = 4*t + 14. Let y(c) = -5*a(c) - 3*v(c). Suppose 140 = -2*k + 126. Calculate y(k).
7
Let g = 669 + -1128. Let s be (-2)/3 + g/(-81). Let w(j) = j - 2. Calculate w(s).
3
Suppose 20*q = 12*q + 24. Let h(n) = 5*n - n**2 + 2*n**2 - 2 - 3*n. Determine h(q).
13
Let d(u) = 56*u**3 + 6*u**2 + 4*u + 5. Let a(v) = -19*v**3 + v**2 + 1. Let s(m) = -3*a(m) - d(m). What is s(10)?
52
Let j(h) = -h**3 + 17*h**2 + 16*h + 32. Suppose -n = v + 188 - 211, -3*v - 4*n + 74 = 0. Calculate j(v).
-4
Let d(n) = -n - 2. Let z be (-2 + 34)/(-9 - (-8 + 1)). What is d(z)?
14
Suppose -4*n - 4 = -3*o - 12, o = -n + 2. Let b(k) = 1 + k + o*k + 0*k. Let c be 8/(-8) + 2 + 1. Give b(c).
3
Let g(x) = -3*x**3 + 4*x**2 + 30*x + 15. Let j(w) = 2*w**3 - 2*w**2 - 17*w - 8. Let m(b) = 5*g(b) + 9*j(b). Give m(-2).
-7
Let u(h) = -3*h - 10. Let m(q) = -q + 25. Let t be m(-11). Let p = t + -33. Let n(y) = -y**3 + y**2 - 2*y + 16. Let f be n(p). Determine u(f).
14
Let r(f) = 38*f + 6. Let u(a) = -21*a - 2. Let z(o) = r(o) + 2*u(o). Let q(y) = -2*y + 11. Let l be q(8). Calculate z(l).
22
Let r(v) = 8*v + 50. Let i be r(-6). Let s(j) = -5*j**2 + 6*j - 10. What is s(i)?
-18
Let h(w) = -w**2 + 5*w + 16. Let v be h(5). Suppose -10*f + v = -6*f - 3*i, -4*i - 19 = -3*f. Let k(c) be the first derivative of -8*c**3/3 - 1. Give k(f).
-8
Let w(n) = -1 - 1 + 1 - 2. Let b(y) = -y + 1. Let r(k) = 4*b(k) + w(k). Let a(c) = -40*c - 323. Let l be a(-8). Calculate r(l).
13
Suppose -4*x - 5*w = 14, 4*w - 4 = 6*w. Let y(i) be the second derivative of i**5/5 - i**3/3 - i**2/2 - i. What is y(x)?
-3
Let b(x) = -1246*x - 32400. Let o be b(-26). Let z(f) = f**3 + 3 + 4*f**2 + 3*f - 1 + 4. Calculate z(o).
-6
Let g(b) be the second derivative of b**5/20 + 5*b**4/4 - 3*b**3 - 7*b**2 + 2*b + 42. Give g(-16).
18
Let x(b) = -b**3 - 16*b**2 - 14*b + 15. Let q be 5/(-10*6/(-36)). Suppose q*j = -15, -90 = 5*h - 8*j + 11*j. Calculate x(h).
0
Let b(c) be the first derivative of c**3/3 - c - 1. Let n(m) = 5*m + 191. Let d be n(-43). Let h = -21 - d. Determine b(h).
8
Let t(c) = 5*c**2 + 3*c + 3. Suppose -5*q - 3 = -6*q + 4*x, -3*q - 5*x - 8 = 0. Calculate t(q).
5
Let y(c) = -c + 1. Let u = 1338 + -1337. Let v be 2*(3 + 0)/1. Suppose -u + v = g. Determine y(g).
-4
Let c be 1/(2 - 0)*0/(-110). Let g(t) be the second derivative of -7/6*t**3 + 16*t + c - t**2. Determine g(-3).
19
Let q be 7 + -2 + (-2 + 3)*-3. Let z(w) = w**q - 27*w + 47*w - 7 - 25*w. Determine z(6).
-1
Let o(q) = -q + 15. Let f(d) = -d**3 + 9*d**2 - 4*d - 16. Let t be f(8). Let m = t - 11. Suppose -m*n = -10*n. What is o(n)?
15
Let k(f) = -3*f**3 + 8*f**2 - 2*f - 7. Let s(d) = d**3 + d - 1. Let l(o) = k(o) + 2*s(o). Let c be 608/(2/(-2)*-3 - 1). Let a = -296 + c. Give l(a).
-9
Let j(y) = -y**3 + 21*y**2 - 22*y + 9. Let p be j(20). Let x = -25 - p. Let b(u) = -u**2 + 7*u + 1. Let i(c) = c. Let v(f) = -b(f) + 4*i(f). Calculate v(x).
17
Let d(r) = -r**2 + 34*r + 106. Let s(z) = -5*z**2 + 142*z + 422. Let g(u) = -9*d(u) + 2*s(u). Determine g(-7).
-5
Suppose 10 - 8 = o. Let v(n) = 2 + 2*n**o + 2*n**2 + 94*n - 96*n. Let a be v(1). Let s(z) = -z**3 + 6*z**2 - 5*z. Give s(a).
12
Let k(q) be the second derivative of -q**5/20 + 7*q**4/6 - q**2 + q - 239. What is k(14)?
-2
Let c be 2/((-8)/68) + -32 + 40. Let y(n) = 2*n**2 + 11*n - 20. What is y(c)?
43
Let x(c) = 4*c + 2. Let w(s) be the second derivative of -14*s - 2*s**3 + 2*s**2 + 2*s**2 - 7*s**2. Let n(v) = -3*w(v) - 8*x(v). Give n(-2).
-6
Let u be (-116)/14 + 8 + (-64)/(-28). Let a(n) be the first derivative of n**3 + 0*n - 1/2*n**u + 1/4*n**4 + 1. Give a(-4).
-12
Suppose -5*i - 2 + 6 = -g, 5*i + 5*g + 20 = 0. Suppose 3*n - 86 = 2*r, -3*n + 107*r - 110*r = -111. Let d(q) = -q**2 - n + 47 + 11*q + i*q. What is d(12)?
3
Let w(o) = -13*o**3 - 4*o**2 - 8*o - 4. Let i(t) = -10*t**3 - 4*t**2 - 7*t - 4. Let x(k) = -4*i(k) + 3*w(k). What is x(-3)?
1
Let t(k) be the third derivative of -k**6/120 + 7*k**5/60 - k**4/12 + 5*k**3/3 + 80*k**2 + 6*k. What is t(8)?
-70
L